 and 11407.
187
What is the greatest common factor of 33 and 1397?
11
What is the greatest common divisor of 1002275 and 125?
25
What is the greatest common factor of 182316 and 12?
12
Calculate the highest common divisor of 41934 and 2494.
58
Calculate the highest common divisor of 40 and 299240.
40
What is the highest common factor of 49497 and 987?
21
Calculate the highest common factor of 5457 and 11877.
321
What is the highest common factor of 6 and 1319082?
6
What is the highest common divisor of 96201 and 5481?
189
What is the greatest common factor of 1350 and 9072?
54
Calculate the greatest common divisor of 478549 and 177.
59
Calculate the highest common divisor of 22043 and 28609.
469
Calculate the highest common factor of 36730 and 2410.
10
What is the highest common factor of 77 and 620873?
11
What is the greatest common factor of 46 and 65642?
46
Calculate the greatest common divisor of 2 and 152027.
1
What is the highest common factor of 371884 and 4302?
478
Calculate the highest common divisor of 203 and 12209.
29
Calculate the greatest common factor of 44795 and 2465.
85
What is the highest common factor of 17 and 16318?
1
Calculate the greatest common factor of 1956 and 17115.
489
Calculate the highest common divisor of 1176 and 86730.
294
What is the greatest common divisor of 34808 and 2290?
458
Calculate the greatest common divisor of 94 and 1908764.
94
What is the greatest common factor of 311 and 15239?
311
What is the highest common factor of 1711692 and 81?
81
Calculate the greatest common divisor of 32804 and 10148.
236
Calculate the highest common divisor of 1440 and 34470.
90
What is the greatest common factor of 30240 and 1722?
42
Calculate the greatest common factor of 25868 and 551.
29
What is the greatest common factor of 1100208 and 96?
48
What is the greatest common divisor of 8961 and 309?
309
Calculate the highest common divisor of 82137 and 627.
627
What is the highest common divisor of 46 and 2168233?
23
What is the greatest common divisor of 34 and 13988?
2
Calculate the highest common factor of 1617 and 4389.
231
What is the highest common divisor of 126070 and 70?
70
What is the greatest common divisor of 186281 and 109?
109
What is the highest common factor of 5630 and 45?
5
What is the greatest common divisor of 89784 and 86?
86
Calculate the greatest common divisor of 8 and 43511.
1
What is the highest common factor of 15 and 825705?
15
Calculate the highest common factor of 451 and 2419.
41
What is the greatest common divisor of 319797 and 54?
9
What is the highest common divisor of 318284 and 188?
188
What is the highest common divisor of 32 and 1802?
2
Calculate the highest common divisor of 25 and 448265.
5
Calculate the greatest common factor of 12396 and 2316.
12
Calculate the greatest common factor of 98796 and 12.
12
What is the highest common divisor of 15841 and 657?
73
Calculate the highest common factor of 78 and 5724.
6
Calculate the greatest common factor of 638 and 3168946.
638
Calculate the greatest common factor of 23280 and 1200.
240
Calculate the greatest common divisor of 43245 and 15.
15
What is the highest common divisor of 1748 and 2736?
76
Calculate the highest common divisor of 16732 and 173016.
356
What is the highest common divisor of 112057 and 61?
61
Calculate the greatest common divisor of 29380 and 52.
52
What is the highest common divisor of 263125 and 125?
125
What is the highest common divisor of 633 and 2613024?
633
What is the highest common factor of 5016 and 9424?
152
Calculate the greatest common divisor of 253654 and 2.
2
What is the greatest common factor of 4944 and 16171?
103
What is the greatest common divisor of 211 and 81235?
211
Calculate the highest common divisor of 448 and 413.
7
What is the highest common factor of 1317 and 3446589?
1317
What is the greatest common divisor of 91 and 3965?
13
What is the highest common divisor of 1572883 and 4264?
533
What is the highest common divisor of 2070 and 13317?
69
Calculate the greatest common divisor of 3817 and 291827.
347
Calculate the highest common divisor of 1384 and 202583.
173
Calculate the highest common factor of 574 and 96350.
82
Calculate the highest common divisor of 8 and 248648.
8
What is the greatest common divisor of 141 and 17296?
47
Calculate the highest common divisor of 541185 and 327.
327
Calculate the highest common divisor of 9734 and 8246.
62
What is the greatest common factor of 18515 and 175?
35
Calculate the highest common divisor of 512 and 11232.
32
What is the highest common divisor of 744 and 146816?
248
Calculate the highest common factor of 23 and 1194091.
23
Calculate the greatest common divisor of 28932 and 36.
12
Calculate the highest common factor of 1308 and 636.
12
Calculate the greatest common divisor of 6006 and 232386.
462
What is the highest common divisor of 155 and 19372055?
155
Calculate the greatest common factor of 1040 and 784.
16
Calculate the greatest common factor of 4313 and 11153.
19
Calculate the greatest common factor of 1414 and 832038.
202
Calculate the highest common divisor of 74883 and 327.
327
What is the greatest common factor of 135 and 238599?
27
What is the greatest common divisor of 10166 and 1586?
26
Calculate the greatest common divisor of 33803 and 154.
77
Calculate the highest common factor of 5026 and 98.
14
Calculate the greatest common factor of 458 and 27938.
458
What is the greatest common divisor of 5319 and 29353?
197
What is the greatest common divisor of 187020 and 540?
180
Calculate the greatest common divisor of 1560 and 26832.
312
Calculate the highest common factor of 238 and 394349.
17
Calculate the highest common factor of 9308 and 4316.
52
Calculate the greatest common factor of 46 and 109595.
23
What is the greatest common divisor of 515 and 7084855?
515
What is the highest common divisor of 102620 and 23660?
140
Calculate the highest common divisor of 108 and 1350.
54
Calculate the greatest common factor of 341920 and 160.
160
Calculate the greatest common divisor of 3480 and 15315.
15
What is the greatest common divisor of 19 and 556111?
19
Calculate the highest common factor of 465923 and 298.
149
Calculate the highest common factor of 6141 and 4717.
89
Calculate the greatest common divisor of 5982 and 11662906.
1994
What is the greatest common factor of 177 and 855087?
177
What is the highest common factor of 14 and 1210083?
7
Calculate the greatest common factor of 8206 and 154.
22
What is the highest common factor of 1060 and 216?
4
Calculate the greatest common factor of 16119 and 153.
9
Calculate the greatest common factor of 889 and 3858260.
889
What is the greatest common divisor of 7839 and 9243?
117
What is the greatest common factor of 102858 and 105?
21
Calculate the greatest common divisor of 980 and 260876.
196
Calculate the highest common divisor of 440 and 216520.
40
What is the highest common factor of 1813 and 164872?
37
Calculate the greatest common divisor of 224 and 63.
7
Calculate the highest common divisor of 527 and 1953.
31
What is the greatest common divisor of 48 and 165657?
3
What is the greatest common factor of 678705 and 30?
15
What is the greatest common factor of 498356 and 62?
62
What is the greatest common divisor of 108151 and 1961?
37
What is the highest common divisor of 1884 and 246?
6
What is the highest common divisor of 1311 and 3211?
19
What is the greatest common factor of 637 and 1781?
13
What is the greatest common divisor of 4633 and 1808?
113
Calculate the greatest common factor of 1284 and 768.
12
What is the highest common factor of 11628 and 3536?
68
What is the greatest common divisor of 237566 and 42?
14
What is the greatest common divisor of 1404 and 50388?
156
What is the greatest common factor of 6 and 2221230?
6
Calculate the highest common divisor of 12870 and 8569.
11
Calculate the highest common divisor of 188215 and 20.
5
What is the highest common factor of 88 and 439648?
88
What is the highest common divisor of 1915 and 119113?
383
What is the greatest common factor of 41978 and 1390?
278
Calculate the highest common divisor of 173479 and 1226.
613
What is the greatest common divisor of 704 and 54318?
22
What is the highest common factor of 113206 and 